{"id":2046,"date":"2022-11-21T17:27:17","date_gmt":"2022-11-21T16:27:17","guid":{"rendered":"https:\/\/gestteatre.org\/?page_id=2046"},"modified":"2022-11-27T23:34:43","modified_gmt":"2022-11-27T22:34:43","slug":"certamen-jaume-bauca-mayol-2","status":"publish","type":"page","link":"https:\/\/gestteatre.org\/index.php\/certamen-jaume-bauca-mayol-2\/","title":{"rendered":"Certamen \u00abJaume Bau\u00e7\u00e0 Mayol\u00bb"},"content":{"rendered":"<p>El Certamen \u00abJaume Bau\u00e7\u00e0 Mayol\u00bb \u00e9s un esdeveniment teatral que GEST organitza des de l&#8217;any 2021. La idea va sorgir de mans d&#8217;en Josep M. Moreno Serra, membre del grup de teatre Lacom.Unitat, socis de GEST. Des de la Junta Directiva es va acollir amb gran entusiasme aquesta proposta i aviat es va comen\u00e7ar a plantejar l&#8217;organitzaci\u00f3 d&#8217;aquest Certamen com a cita anual perqu\u00e8 els socis de GEST i els entusiastes del teatre amateur poguessin disposar d&#8217;un espai per posar en com\u00fa la seva passi\u00f3.<br \/>\nTot seguit, s&#8217;ofereix un llistat dels Certamens celebrats fins ara. S&#8217;hi podr\u00e0 trobar informaci\u00f3 sobre l&#8217;estructura de l&#8217;esdeveniment, els guanyadors i els finalistes i els organitzadors.<br \/>\nSalut i teatre!<\/p>\n<p>&nbsp;<\/p>\n<p><a href=\"http:\/\/gestteatre.org\/index.php\/i-certamen-jaume-bauca-mayol-2021\/\">I Certamen \u00abJaume Bau\u00e7\u00e0 Mayol\u00bb &#8211; 2021<\/a><\/p>\n<p><a href=\"http:\/\/gestteatre.org\/index.php\/ii-certamen-jaume-bauca-mayol-2022\/\">II Certamen \u00abJaume Bau\u00e7\u00e0 Mayol\u00bb &#8211; 2022<\/a><\/p>\n<p>&nbsp;<\/p>\n","protected":false},"excerpt":{"rendered":"<p>El Certamen \u00abJaume Bau\u00e7\u00e0 Mayol\u00bb \u00e9s un esdeveniment teatral que GEST organitza des de l&#8217;any 2021. La idea va sorgir de mans d&#8217;en Josep M. Moreno Serra, membre del grup de teatre Lacom.Unitat, socis de GEST. Des de la Junta Directiva es va acollir amb gran entusiasme aquesta proposta i aviat es va comen\u00e7ar a [&hellip;]<\/p>\n","protected":false},"author":4,"featured_media":0,"parent":0,"menu_order":0,"comment_status":"closed","ping_status":"closed","template":"","meta":[],"_links":{"self":[{"href":"https:\/\/gestteatre.org\/index.php\/wp-json\/wp\/v2\/pages\/2046"}],"collection":[{"href":"https:\/\/gestteatre.org\/index.php\/wp-json\/wp\/v2\/pages"}],"about":[{"href":"https:\/\/gestteatre.org\/index.php\/wp-json\/wp\/v2\/types\/page"}],"author":[{"embeddable":true,"href":"https:\/\/gestteatre.org\/index.php\/wp-json\/wp\/v2\/users\/4"}],"replies":[{"embeddable":true,"href":"https:\/\/gestteatre.org\/index.php\/wp-json\/wp\/v2\/comments?post=2046"}],"version-history":[{"count":2,"href":"https:\/\/gestteatre.org\/index.php\/wp-json\/wp\/v2\/pages\/2046\/revisions"}],"predecessor-version":[{"id":2056,"href":"https:\/\/gestteatre.org\/index.php\/wp-json\/wp\/v2\/pages\/2046\/revisions\/2056"}],"wp:attachment":[{"href":"https:\/\/gestteatre.org\/index.php\/wp-json\/wp\/v2\/media?parent=2046"}],"curies":[{"name":"wp","href":"https:\/\/api.w.org\/{rel}","templated":true}]}}