{"id":2044,"date":"2022-11-21T17:07:41","date_gmt":"2022-11-21T16:07:41","guid":{"rendered":"https:\/\/gestteatre.org\/?page_id=2044"},"modified":"2022-11-21T17:07:41","modified_gmt":"2022-11-21T16:07:41","slug":"ii-certamen-jaume-bauca-mayol-2022","status":"publish","type":"page","link":"https:\/\/gestteatre.org\/index.php\/ii-certamen-jaume-bauca-mayol-2022\/","title":{"rendered":"II Certamen Jaume Bau\u00e7\u00e0 Mayol (2022)"},"content":{"rendered":"<p style=\"text-align: justify;\">L&#8217;any 2022 es va dur a terme la celebraci\u00f3 del II Certamen Jaume Bau\u00e7\u00e0 Mayol.<br \/>\nAquest certamen va constar de dues fases (escriptura teatral i lectura dramatitzada), m\u00e9s una mostra teatral a c\u00e0rrec de diversos grups socis de GEST. Els participants, i guanyadors, de les diferents fases van ser els seg\u00fcents:<\/p>\n<p>1a Fase \u2013 Escriptura Teatral<\/p>\n<table style=\"border-style: solid; border-color: #000000;\">\n<tbody>\n<tr>\n<td width=\"189\">Joan Cassanyes Roig<\/td>\n<td width=\"189\">Instruccions per tornar a casa<\/td>\n<td width=\"189\">1r Premi<\/td>\n<\/tr>\n<tr>\n<td width=\"189\">Joan Xarri\u00e9 Bolart<\/td>\n<td width=\"189\">La noia del tren<\/td>\n<td width=\"189\">2n Premi<\/td>\n<\/tr>\n<tr>\n<td width=\"189\">Tom\u00e1s Af\u00e1n<\/td>\n<td width=\"189\">Tragedia (lo de siempre)<\/td>\n<td width=\"189\">3r Premi<\/td>\n<\/tr>\n<tr>\n<td width=\"189\">Oliver Romero Mart\u00ednez<\/td>\n<td width=\"189\">L\u2019entrevista de feina<\/td>\n<td width=\"189\">Finalista<\/td>\n<\/tr>\n<tr>\n<td width=\"189\">Patricia Su\u00e1rez<\/td>\n<td width=\"189\">Un vestidito negro, serio, elegante<\/td>\n<td width=\"189\">Finalista<\/td>\n<\/tr>\n<tr>\n<td width=\"189\">Frances Cutchet Dom\u00e8nech<\/td>\n<td width=\"189\">Fem-nos un selfie<\/td>\n<td width=\"189\">Finalista<\/td>\n<\/tr>\n<tr>\n<td width=\"189\">Lluis Segu\u00ed Gomila<\/td>\n<td width=\"189\">Als setanta tot si val<\/td>\n<td width=\"189\">Finalista<\/td>\n<\/tr>\n<tr>\n<td width=\"189\">Marina Caballero<\/td>\n<td width=\"189\">Dona\u2019m la m\u00e0<\/td>\n<td width=\"189\">Finalista<\/td>\n<\/tr>\n<tr>\n<td width=\"189\">Toni Guasp Balaguer<\/td>\n<td width=\"189\">La directora<\/td>\n<td width=\"189\">Finalista<\/td>\n<\/tr>\n<tr>\n<td width=\"189\">Pere Bergas Llabr\u00e9s<\/td>\n<td width=\"189\">Xurros, tesines i bidells<\/td>\n<td width=\"189\">Finalista<\/td>\n<\/tr>\n<\/tbody>\n<\/table>\n<p>2\u00aa Fase &#8211; Lectura Dramatizada<\/p>\n<table style=\"border-style: solid; border-color: #000000;\">\n<tbody>\n<tr>\n<td width=\"189\">Enredarts<\/td>\n<td width=\"189\">Xurros, tesines i bidells<\/td>\n<td width=\"189\">1r Premi<\/td>\n<\/tr>\n<tr>\n<td width=\"189\">M\u00e0demico<\/td>\n<td width=\"189\">La noia del tren<\/td>\n<td width=\"189\">2n Premi<\/td>\n<\/tr>\n<tr>\n<td width=\"189\">Brots de Tardor<\/td>\n<td width=\"189\">Xurros, tesines i bidells<\/td>\n<td width=\"189\">3r Premi<\/td>\n<\/tr>\n<\/tbody>\n<\/table>\n<p>Mostra Teatral<\/p>\n<table style=\"border-style: solid; border-color: #000000;\">\n<tbody>\n<tr>\n<td width=\"283\">Enredarts<\/td>\n<td width=\"283\">Xurros, tesines i bidells<\/td>\n<\/tr>\n<tr>\n<td width=\"283\">Brots de Tardor<\/td>\n<td width=\"283\">Un vestidito negro, serio, elegante<\/td>\n<\/tr>\n<\/tbody>\n<\/table>\n<p style=\"text-align: justify;\">Tots els finalistes i els guanyadors van ser obsequiats amb un diploma acreditatiu de la seva participaci\u00f3. A m\u00e9s, es van lliurar els seg\u00fcents premis econ\u00f2mics:<\/p>\n<p>1\u00aa Fase:<\/p>\n<table style=\"border-style: solid; border-color: #000000;\">\n<tbody>\n<tr>\n<td width=\"283\">1r Premi<\/td>\n<td width=\"283\">400\u20ac<\/td>\n<\/tr>\n<tr>\n<td width=\"283\">2n Premi<\/td>\n<td width=\"283\">200\u20ac<\/td>\n<\/tr>\n<tr>\n<td width=\"283\">3r Premi<\/td>\n<td width=\"283\">100\u20ac<\/td>\n<\/tr>\n<\/tbody>\n<\/table>\n<p>2\u00aa Fase:<\/p>\n<table style=\"border-style: solid; border-color: #000000;\">\n<tbody>\n<tr>\n<td width=\"283\">1r Premi<\/td>\n<td width=\"283\">200\u20ac<\/td>\n<\/tr>\n<tr>\n<td width=\"283\">2n Premi<\/td>\n<td width=\"283\">100\u20ac<\/td>\n<\/tr>\n<tr>\n<td width=\"283\">3r Premi<\/td>\n<td width=\"283\">50\u20ac<\/td>\n<\/tr>\n<\/tbody>\n<\/table>\n<p style=\"text-align: justify;\">Els grups que van participar a la Mostra Teatral van ser obsequiats amb una ajuda de 250\u20ac.<\/p>\n<p style=\"text-align: justify;\">A m\u00e9s, els textos finalistes i guanyadors de la Primera Fase passaran a formar part de la <a href=\"http:\/\/gestteatre.org\/index.php\/2027-2\/\">Biblioteca GEST<\/a>, una iniciativa de GEST per oferir als socis i amants del teatre peces teatrals per a representacions i muntatges.<\/p>\n<p style=\"text-align: justify;\">Podeu consultar les bases d&#8217;aquesta edici\u00f3 del Certamen al seg\u00fcent enlla\u00e7: <a href=\"https:\/\/gestteatre.org\/catala-ii-certamen-jaume-bauc\u0327a-mayol\/\">BASES<\/a>.<\/p>\n<p>&nbsp;<\/p>\n<p style=\"text-align: justify;\"><span style=\"text-decoration: underline;\"><strong>Comit\u00e8 Organitzador<\/strong><\/span><br \/>\n<strong>President:<\/strong> Josep Mir\u00f3<br \/>\n<strong>Secretari:<\/strong> Rafael Massanet<br \/>\n<strong>Vocals:<\/strong> Josep M. Moreno Serra i Toni Borr\u00e0s i Mateu.<\/p>\n","protected":false},"excerpt":{"rendered":"<p>L&#8217;any 2022 es va dur a terme la celebraci\u00f3 del II Certamen Jaume Bau\u00e7\u00e0 Mayol. Aquest certamen va constar de dues fases (escriptura teatral i lectura dramatitzada), m\u00e9s una mostra teatral a c\u00e0rrec de diversos grups socis de GEST. Els participants, i guanyadors, de les diferents fases van ser els seg\u00fcents: 1a Fase \u2013 Escriptura [&hellip;]<\/p>\n","protected":false},"author":4,"featured_media":0,"parent":0,"menu_order":0,"comment_status":"closed","ping_status":"closed","template":"","meta":[],"_links":{"self":[{"href":"https:\/\/gestteatre.org\/index.php\/wp-json\/wp\/v2\/pages\/2044"}],"collection":[{"href":"https:\/\/gestteatre.org\/index.php\/wp-json\/wp\/v2\/pages"}],"about":[{"href":"https:\/\/gestteatre.org\/index.php\/wp-json\/wp\/v2\/types\/page"}],"author":[{"embeddable":true,"href":"https:\/\/gestteatre.org\/index.php\/wp-json\/wp\/v2\/users\/4"}],"replies":[{"embeddable":true,"href":"https:\/\/gestteatre.org\/index.php\/wp-json\/wp\/v2\/comments?post=2044"}],"version-history":[{"count":1,"href":"https:\/\/gestteatre.org\/index.php\/wp-json\/wp\/v2\/pages\/2044\/revisions"}],"predecessor-version":[{"id":2045,"href":"https:\/\/gestteatre.org\/index.php\/wp-json\/wp\/v2\/pages\/2044\/revisions\/2045"}],"wp:attachment":[{"href":"https:\/\/gestteatre.org\/index.php\/wp-json\/wp\/v2\/media?parent=2044"}],"curies":[{"name":"wp","href":"https:\/\/api.w.org\/{rel}","templated":true}]}}