{"id":1939,"date":"2021-03-16T23:38:18","date_gmt":"2021-03-16T22:38:18","guid":{"rendered":"http:\/\/gestteatre.org\/?page_id=1939"},"modified":"2021-03-16T23:38:18","modified_gmt":"2021-03-16T22:38:18","slug":"voramar-teatre","status":"publish","type":"page","link":"https:\/\/gestteatre.org\/index.php\/voramar-teatre\/","title":{"rendered":"Voramar Teatre"},"content":{"rendered":"<table style=\"border-collapse: collapse; width: 100%; height: 241px;\" border=\"1\">\n<tbody>\n<tr style=\"height: 21px;\">\n<td style=\"width: 50%; height: 21px;\"><strong>Contacte<\/strong><\/td>\n<td style=\"width: 50%; height: 21px;\"><\/td>\n<\/tr>\n<tr style=\"height: 115px;\">\n<td style=\"width: 50%; height: 115px;\">Jaume Reus<\/p>\n<p>C\/ Sa Pedrera 6 B, 07157. Port d&#8217;Andratx<\/p>\n<p>Tel\u00e8fon: 654686677<\/p>\n<p>E-mail: voramarteatre@gmail.com<\/p>\n<p><a href=\"https:\/\/www.facebook.com\/VoramarTeatre\">Facebook<\/a><\/td>\n<td style=\"width: 50%; height: 115px;\"><img loading=\"lazy\" class=\"size-full wp-image-1940 aligncenter\" src=\"http:\/\/gestteatre.org\/wp-content\/uploads\/2021\/03\/logo_voramar-Jaume-Reus.jpg\" alt=\"\" width=\"803\" height=\"500\" srcset=\"https:\/\/gestteatre.org\/wp-content\/uploads\/2021\/03\/logo_voramar-Jaume-Reus.jpg 803w, https:\/\/gestteatre.org\/wp-content\/uploads\/2021\/03\/logo_voramar-Jaume-Reus-300x187.jpg 300w, https:\/\/gestteatre.org\/wp-content\/uploads\/2021\/03\/logo_voramar-Jaume-Reus-768x478.jpg 768w\" sizes=\"(max-width: 803px) 100vw, 803px\" \/><\/td>\n<\/tr>\n<tr style=\"height: 21px;\">\n<td style=\"width: 50%; height: 21px; text-align: justify;\" colspan=\"2\">La companyia Voramar Teatre va n\u00e9ixer al Port d\u2019Andratx fa m\u00e9s de 30 anys. La seva traject\u00f2ria passa per tenir membres actius que fundaren la companyia, aix\u00ed com haver rebut diversos premis, tant per la interpretaci\u00f3 dels seus actors i actrius com per la seva direcci\u00f3 i els seus muntatges. Aquest grup ha participat activament en intercanvis amb altres companyies, tant de Balears com de la pen\u00ednsula i ha estat sel\u00b7leccionada per participar al FITAG en tres ocasions. Cal destacar que alguns membres del grup que hi van comen\u00e7ar per afici\u00f3 han acabat per formar-se de manera profesional a l\u2019Institut del Teatre, a Barcelona, i a l\u2019ESADIB, a Palma, i avui dia es dediquen professionalment a les arts esc\u00e8niques. Tamb\u00e9 \u00e9s necessari remarcar que el seu primer president, i director d\u2019aquest muntatge, Joan Porcel, fa anys que est\u00e0 al capdavant de la productora professional \u201cEl Somni\u201d. Voramar ha pogut actuar al Teatre Principal de Palma com a guanyadors de diversos cert\u00e0mens (Consell \u2013 Teatre Principal, Escena Amateur, \u2026) amb els muntatges \u201cLectures\u201d, \u201cArs\u00e8nic i randes de ganxet\u201d, \u201cLa senyoreta J\u00falia\u201d, \u201cJordi Dand\u00ed\u201d i \u201cJocs de nit\u201d, entre d\u2019altres.<\/p>\n<p>Moltes de les obres de teatre interpretades per la companyia han rebut l\u2019atenci\u00f3 dels mitjans de comunicaci\u00f3 a programes divulgatius de r\u00e0dio i televisi\u00f3 i fins i tot han comptat amb la cr\u00edtica de columnistes com Javier Matesanz, Francesc Rotger o Emili Gen\u00e9.<\/td>\n<\/tr>\n<tr style=\"height: 21px;\">\n<td style=\"width: 50%; height: 21px;\" colspan=\"2\"><strong>Integrants<\/strong><\/td>\n<\/tr>\n<tr style=\"height: 21px;\">\n<td style=\"width: 50%; height: 21px;\" colspan=\"2\">\n<ul>\n<li>Maria Magdalena Pons &#8211; actriu i presidenta<\/li>\n<li>Jaume Reus &#8211; actor i tresorer<\/li>\n<li>Vicen\u00e7 Amengual &#8211; actor i secretari<\/li>\n<li>Aurelio L\u00f3pez &#8211; actor i vocal<\/li>\n<li>Merc\u00e8 Comas &#8211; actriu<\/li>\n<li>Bernat Quetglas &#8211; actor<\/li>\n<li>Javi Martorell &#8211; actor<\/li>\n<li>Gabriel Ense\u00f1at &#8211; actor col\u00b7laborador<\/li>\n<li>Catalina Zanoguera &#8211; actriu col\u00b7laboradora<\/li>\n<li>Gabi Caldentey &#8211; actor col\u00b7laborador<\/li>\n<li>Gaspar Bonet &#8211; actor col\u00b7laborador<\/li>\n<li>Joan Porcel &#8211; director i actor col\u00b7laborador<\/li>\n<li>Laia Pomar &#8211; actriu col\u00b7laboradora<\/li>\n<li>Luis Bar\u00f3 &#8211; t\u00e8cnic col\u00b7laborador<\/li>\n<li>Miquel \u00c0ngel Marroig &#8211; actor col\u00b7laborador<\/li>\n<li>Mal\u00e9n Castell &#8211; actriu col\u00b7laboradora<\/li>\n<li>Rosario Fuentes &#8211; actriu col\u00b7laboradora<\/li>\n<li>Toni Borr\u00e0s &#8211; actor col\u00b7laborador<\/li>\n<\/ul>\n<\/td>\n<\/tr>\n<tr style=\"height: 21px;\">\n<td style=\"width: 50%; height: 21px;\" colspan=\"2\"><strong>Cat\u00e0leg teatral<\/strong><\/td>\n<\/tr>\n<tr style=\"height: 21px;\">\n<td style=\"width: 50%; height: 21px;\" colspan=\"2\">\n<ul>\n<li>La Xirgu. Visca el teatre! (2019)<\/li>\n<li>Jo, l&#8217;hereu (2015)<\/li>\n<li>Peces curtes (2015)<\/li>\n<li>Lokus (2014)<\/li>\n<li>Microteatre per amor a l&#8217;art (2014)<\/li>\n<li>El m\u00e8tode Gr\u00f6nholm (2013)<\/li>\n<li>Microteatre (2012)<\/li>\n<li>Jocs de nit (2011)<\/li>\n<li>Jordi Dand\u00ed (2010)<\/li>\n<\/ul>\n<\/td>\n<\/tr>\n<\/tbody>\n<\/table>\n","protected":false},"excerpt":{"rendered":"<p>Contacte Jaume Reus C\/ Sa Pedrera 6 B, 07157. Port d&#8217;Andratx Tel\u00e8fon: 654686677 E-mail: voramarteatre@gmail.com Facebook La companyia Voramar Teatre va n\u00e9ixer al Port d\u2019Andratx fa m\u00e9s de 30 anys. La seva traject\u00f2ria passa per tenir membres actius que fundaren la companyia, aix\u00ed com haver rebut diversos premis, tant per la interpretaci\u00f3 dels seus actors [&hellip;]<\/p>\n","protected":false},"author":4,"featured_media":0,"parent":0,"menu_order":0,"comment_status":"closed","ping_status":"closed","template":"","meta":[],"_links":{"self":[{"href":"https:\/\/gestteatre.org\/index.php\/wp-json\/wp\/v2\/pages\/1939"}],"collection":[{"href":"https:\/\/gestteatre.org\/index.php\/wp-json\/wp\/v2\/pages"}],"about":[{"href":"https:\/\/gestteatre.org\/index.php\/wp-json\/wp\/v2\/types\/page"}],"author":[{"embeddable":true,"href":"https:\/\/gestteatre.org\/index.php\/wp-json\/wp\/v2\/users\/4"}],"replies":[{"embeddable":true,"href":"https:\/\/gestteatre.org\/index.php\/wp-json\/wp\/v2\/comments?post=1939"}],"version-history":[{"count":1,"href":"https:\/\/gestteatre.org\/index.php\/wp-json\/wp\/v2\/pages\/1939\/revisions"}],"predecessor-version":[{"id":1941,"href":"https:\/\/gestteatre.org\/index.php\/wp-json\/wp\/v2\/pages\/1939\/revisions\/1941"}],"wp:attachment":[{"href":"https:\/\/gestteatre.org\/index.php\/wp-json\/wp\/v2\/media?parent=1939"}],"curies":[{"name":"wp","href":"https:\/\/api.w.org\/{rel}","templated":true}]}}

<table style="border-collapse: collapse; width: 100%; height: 241px;" border="1">
<tbody>
<tr style="height: 21px;">
<td style="width: 50%; height: 21px;"><strong>Contacte</strong></td>
<td style="width: 50%; height: 21px;"></td>
</tr>
<tr style="height: 115px;">
<td style="width: 50%; height: 115px;">Jaume Reus</p>
<p>C/ Sa Pedrera 6 B, 07157. Port d&#8217;Andratx</p>
<p>Telèfon: 654686677</p>
<p>E-mail: voramarteatre@gmail.com</p>
<p><a href="https://www.facebook.com/VoramarTeatre">Facebook</a></td>
<td style="width: 50%; height: 115px;"><img loading="lazy" class="size-full wp-image-1940 aligncenter" src="http://gestteatre.org/wp-content/uploads/2021/03/logo_voramar-Jaume-Reus.jpg" alt="" width="803" height="500" srcset="https://gestteatre.org/wp-content/uploads/2021/03/logo_voramar-Jaume-Reus.jpg 803w, https://gestteatre.org/wp-content/uploads/2021/03/logo_voramar-Jaume-Reus-300x187.jpg 300w, https://gestteatre.org/wp-content/uploads/2021/03/logo_voramar-Jaume-Reus-768x478.jpg 768w" sizes="(max-width: 803px) 100vw, 803px" /></td>
</tr>
<tr style="height: 21px;">
<td style="width: 50%; height: 21px; text-align: justify;" colspan="2">La companyia Voramar Teatre va néixer al Port d’Andratx fa més de 30 anys. La seva trajectòria passa per tenir membres actius que fundaren la companyia, així com haver rebut diversos premis, tant per la interpretació dels seus actors i actrius com per la seva direcció i els seus muntatges. Aquest grup ha participat activament en intercanvis amb altres companyies, tant de Balears com de la península i ha estat sel·leccionada per participar al FITAG en tres ocasions. Cal destacar que alguns membres del grup que hi van començar per afició han acabat per formar-se de manera profesional a l’Institut del Teatre, a Barcelona, i a l’ESADIB, a Palma, i avui dia es dediquen professionalment a les arts escèniques. També és necessari remarcar que el seu primer president, i director d’aquest muntatge, Joan Porcel, fa anys que està al capdavant de la productora professional “El Somni”. Voramar ha pogut actuar al Teatre Principal de Palma com a guanyadors de diversos certàmens (Consell – Teatre Principal, Escena Amateur, …) amb els muntatges “Lectures”, “Arsènic i randes de ganxet”, “La senyoreta Júlia”, “Jordi Dandí” i “Jocs de nit”, entre d’altres.</p>
<p>Moltes de les obres de teatre interpretades per la companyia han rebut l’atenció dels mitjans de comunicació a programes divulgatius de ràdio i televisió i fins i tot han comptat amb la crítica de columnistes com Javier Matesanz, Francesc Rotger o Emili Gené.</td>
</tr>
<tr style="height: 21px;">
<td style="width: 50%; height: 21px;" colspan="2"><strong>Integrants</strong></td>
</tr>
<tr style="height: 21px;">
<td style="width: 50%; height: 21px;" colspan="2">
<ul>
<li>Maria Magdalena Pons &#8211; actriu i presidenta</li>
<li>Jaume Reus &#8211; actor i tresorer</li>
<li>Vicenç Amengual &#8211; actor i secretari</li>
<li>Aurelio López &#8211; actor i vocal</li>
<li>Mercè Comas &#8211; actriu</li>
<li>Bernat Quetglas &#8211; actor</li>
<li>Javi Martorell &#8211; actor</li>
<li>Gabriel Enseñat &#8211; actor col·laborador</li>
<li>Catalina Zanoguera &#8211; actriu col·laboradora</li>
<li>Gabi Caldentey &#8211; actor col·laborador</li>
<li>Gaspar Bonet &#8211; actor col·laborador</li>
<li>Joan Porcel &#8211; director i actor col·laborador</li>
<li>Laia Pomar &#8211; actriu col·laboradora</li>
<li>Luis Baró &#8211; tècnic col·laborador</li>
<li>Miquel Àngel Marroig &#8211; actor col·laborador</li>
<li>Malén Castell &#8211; actriu col·laboradora</li>
<li>Rosario Fuentes &#8211; actriu col·laboradora</li>
<li>Toni Borràs &#8211; actor col·laborador</li>
</ul>
</td>
</tr>
<tr style="height: 21px;">
<td style="width: 50%; height: 21px;" colspan="2"><strong>Catàleg teatral</strong></td>
</tr>
<tr style="height: 21px;">
<td style="width: 50%; height: 21px;" colspan="2">
<ul>
<li>La Xirgu. Visca el teatre! (2019)</li>
<li>Jo, l&#8217;hereu (2015)</li>
<li>Peces curtes (2015)</li>
<li>Lokus (2014)</li>
<li>Microteatre per amor a l&#8217;art (2014)</li>
<li>El mètode Grönholm (2013)</li>
<li>Microteatre (2012)</li>
<li>Jocs de nit (2011)</li>
<li>Jordi Dandí (2010)</li>
</ul>
</td>
</tr>
</tbody>
</table>

<p>Contacte Jaume Reus C/ Sa Pedrera 6 B, 07157. Port d&#8217;Andratx Telèfon: 654686677 E-mail: voramarteatre@gmail.com Facebook La companyia Voramar Teatre va néixer al Port d’Andratx fa més de 30 anys. La seva trajectòria passa per tenir membres actius que fundaren la companyia, així com haver rebut diversos premis, tant per la interpretació dels seus actors [&hellip;]</p>
