{"id":1670,"date":"2020-10-06T18:44:12","date_gmt":"2020-10-06T17:44:12","guid":{"rendered":"http:\/\/gestteatre.org\/?page_id=1670"},"modified":"2021-02-27T22:56:10","modified_gmt":"2021-02-27T21:56:10","slug":"figura-t-de-teatro","status":"publish","type":"page","link":"https:\/\/gestteatre.org\/index.php\/figura-t-de-teatro\/","title":{"rendered":"FIGURA-T DE TEATRO"},"content":{"rendered":"<table style=\"border-collapse: collapse; width: 100%; height: 241px;\" border=\"1\">\n<tbody>\n<tr style=\"height: 21px;\">\n<td style=\"width: 50%; height: 21px;\"><strong>Contacte<\/strong><\/td>\n<td style=\"width: 50%; height: 21px;\"><\/td>\n<\/tr>\n<tr style=\"height: 115px;\">\n<td style=\"width: 50%; height: 115px;\">Miren Legorburu Rubio<br \/>\nSan Jos\u00e9 de la Monta\u00f1a, 7, 3.4<br \/>\n07010<br \/>\nPalma de Mallorca, Islas BalearesTel\u00e9fono: 685103458Mail: figuratdeteatro@gmail.com<a href=\"https:\/\/figuratdeteatro.wixsite.com\/mallorcaesmusical\">P\u00e1gina Web<\/a><\/p>\n<p>Redes Sociales:<\/p>\n<p><a href=\"https:\/\/www.instagram.com\/figuratdeteatro\/\">Instagram<\/a><\/td>\n<td style=\"width: 50%; height: 115px;\"><img loading=\"lazy\" class=\"alignnone size-full wp-image-1671\" src=\"http:\/\/gestteatre.org\/wp-content\/uploads\/2020\/10\/0F1C3C1E-9422-47F3-AE0B-D94DFB34A911-Elena-Perez-Galera.jpeg\" alt=\"\" width=\"640\" height=\"640\" srcset=\"https:\/\/gestteatre.org\/wp-content\/uploads\/2020\/10\/0F1C3C1E-9422-47F3-AE0B-D94DFB34A911-Elena-Perez-Galera.jpeg 640w, https:\/\/gestteatre.org\/wp-content\/uploads\/2020\/10\/0F1C3C1E-9422-47F3-AE0B-D94DFB34A911-Elena-Perez-Galera-300x300.jpeg 300w, https:\/\/gestteatre.org\/wp-content\/uploads\/2020\/10\/0F1C3C1E-9422-47F3-AE0B-D94DFB34A911-Elena-Perez-Galera-150x150.jpeg 150w\" sizes=\"(max-width: 640px) 100vw, 640px\" \/><\/td>\n<\/tr>\n<tr style=\"height: 21px;\">\n<td style=\"width: 50%; height: 21px; text-align: justify;\" colspan=\"2\">\n<p style=\"text-align: justify;\">La Compa\u00f1\u00eda Figura-T nace de las inquietudes de unos artistas muy so\u00f1adores y entregados, y de la ilusi\u00f3n de estos por crear magia encima de un escenario. Nuestro amor por el arte, por la comedia y por el teatro musical, junto con nuestro entusiasmo y profesionalidad, hizo que comenzaramos a crear vida m\u00e1s all\u00e1 de la realidad. Los actuales integrantes de Figura-T somos Miren Legorburu, Elena P\u00e9rez y Pedro P\u00e9rez. Sin olvidarnos de tod@s l@s grandes artistas que han colaborado y siguen colaborando en nuestros proyectos! Sin vosotr@s no ser\u00eda posible! Gracias de todo.<\/p>\n<\/td>\n<\/tr>\n<tr style=\"height: 21px;\">\n<td style=\"width: 50%; height: 21px;\" colspan=\"2\"><strong>Integrants<\/strong><\/td>\n<\/tr>\n<tr style=\"height: 21px;\">\n<td style=\"width: 50%; height: 21px;\" colspan=\"2\">\n<ul>\n<li>Miren Legorburu, directora, autora, actriz y cantante.<\/li>\n<li>Pedro Vicente P\u00e9rez, secretario, actor y cantante.<\/li>\n<li>Elena P\u00e9rez, tesorera, actriz y cantante.<\/li>\n<\/ul>\n<\/td>\n<\/tr>\n<tr style=\"height: 21px;\">\n<td style=\"width: 50%; height: 21px;\" colspan=\"2\"><strong>Cat\u00e0leg teatral<\/strong><\/td>\n<\/tr>\n<tr style=\"height: 21px;\">\n<td style=\"width: 50%; height: 21px;\" colspan=\"2\">\n<ul>\n<li>2020 &#8211; <a href=\"http:\/\/gestteatre.org\/index.php\/figura-t-de-teatro\/la-hostalera\/ \u200e\"><em>La Hostalera<\/em><\/a><\/li>\n<li>2019 &#8211; <a href=\"http:\/\/gestteatre.org\/index.php\/figura-t-de-teatro\/hago-chass\/\"><em>Hago Chass<\/em><\/a><\/li>\n<li>2018 &#8211; <em>Queen Jazz Hall<\/em><\/li>\n<li>2017 &#8211; Sketches, Break Free y \u00daltima Oportunidad<\/li>\n<\/ul>\n<\/td>\n<\/tr>\n<\/tbody>\n<\/table>\n","protected":false},"excerpt":{"rendered":"<p>Contacte Miren Legorburu Rubio San Jos\u00e9 de la Monta\u00f1a, 7, 3.4 07010 Palma de Mallorca, Islas BalearesTel\u00e9fono: 685103458Mail: figuratdeteatro@gmail.comP\u00e1gina Web Redes Sociales: Instagram La Compa\u00f1\u00eda Figura-T nace de las inquietudes de unos artistas muy so\u00f1adores y entregados, y de la ilusi\u00f3n de estos por crear magia encima de un escenario. Nuestro amor por el arte, [&hellip;]<\/p>\n","protected":false},"author":4,"featured_media":0,"parent":0,"menu_order":0,"comment_status":"closed","ping_status":"closed","template":"","meta":[],"_links":{"self":[{"href":"https:\/\/gestteatre.org\/index.php\/wp-json\/wp\/v2\/pages\/1670"}],"collection":[{"href":"https:\/\/gestteatre.org\/index.php\/wp-json\/wp\/v2\/pages"}],"about":[{"href":"https:\/\/gestteatre.org\/index.php\/wp-json\/wp\/v2\/types\/page"}],"author":[{"embeddable":true,"href":"https:\/\/gestteatre.org\/index.php\/wp-json\/wp\/v2\/users\/4"}],"replies":[{"embeddable":true,"href":"https:\/\/gestteatre.org\/index.php\/wp-json\/wp\/v2\/comments?post=1670"}],"version-history":[{"count":5,"href":"https:\/\/gestteatre.org\/index.php\/wp-json\/wp\/v2\/pages\/1670\/revisions"}],"predecessor-version":[{"id":1916,"href":"https:\/\/gestteatre.org\/index.php\/wp-json\/wp\/v2\/pages\/1670\/revisions\/1916"}],"wp:attachment":[{"href":"https:\/\/gestteatre.org\/index.php\/wp-json\/wp\/v2\/media?parent=1670"}],"curies":[{"name":"wp","href":"https:\/\/api.w.org\/{rel}","templated":true}]}}