{"id":1502,"date":"2020-09-12T12:41:41","date_gmt":"2020-09-12T11:41:41","guid":{"rendered":"http:\/\/gestteatre.org\/?page_id=1502"},"modified":"2025-12-22T12:50:18","modified_gmt":"2025-12-22T11:50:18","slug":"membres","status":"publish","type":"page","link":"https:\/\/gestteatre.org\/index.php\/membres\/","title":{"rendered":"Membres"},"content":{"rendered":"\r\n<p>GEST est\u00e0 format per diferents associacions que s&#8217;han unit amb l&#8217;objectiu com\u00fa de dur als escenaris de l&#8217;illa diferents produccions, compartint l&#8217;esperit de teatre amateur.<\/p>\r\n\r\n\r\n\r\n<p>A dia d&#8217;avui, estan s\u00f3n les associacions que formen part de GEST:<\/p>\r\n\r\n\r\n\r\n<p>Socis:<\/p>\r\n\r\n\r\n\r\n<ol>\r\n<li><a href=\"https:\/\/gestteatre.org\/index.php\/brots-de-tardor-teatre\/\">Brots de Tardor<\/a><\/li>\r\n<li><a href=\"https:\/\/gestteatre.org\/index.php\/figura-t-de-teatro\/\">Figura-T<\/a><\/li>\r\n<li>Fora Nirvis<\/li>\r\n<li><a href=\"http:\/\/gestteatre.org\/index.php\/lacom-unitat\/\">Lacom.unitat<\/a><\/li>\r\n<li><a href=\"https:\/\/gestteatre.org\/index.php\/mademico-teatre\/\">M\u00e0demico Teatre<\/a><\/li>\r\n<li><a href=\"http:\/\/gestteatre.org\/index.php\/mai-som-tots-teatre\/\">Mai Som Tots<\/a><\/li>\r\n<li><a href=\"http:\/\/gestteatre.org\/index.php\/nostra-terra\/\">Nostra Terra<\/a><\/li>\r\n<li>Orfe\u00f3 Mahon\u00e9s \u00abSes Garbo Girls\u00bb<\/li>\r\n<li><a href=\"http:\/\/gestteatre.org\/index.php\/uom-teatre\/\">UOM (1 o m\u00e9s) Teatre<\/a><\/li>\r\n<li><a href=\"http:\/\/gestteatre.org\/index.php\/xamo-xamo\/\">Xamo-Xamo<\/a><\/li>\r\n<\/ol>\r\n\r\n\r\n\r\n<p>Associats:<\/p>\r\n\r\n\r\n\r\n<ol>\r\n<li>9Muses Teatre<\/li>\r\n<li><a href=\"https:\/\/gestteatre.org\/index.php\/art-vocal-ensemble\/\">Art Vocal Ensemble<\/a><\/li>\r\n<li><a href=\"http:\/\/gestteatre.org\/index.php\/aula-3-teatre\/\">Aula 3<\/a><\/li>\r\n<li>Corriola Teatre<\/li>\r\n<li>Fan-Art-X<\/li>\r\n<li><a href=\"http:\/\/gestteatre.org\/index.php\/mals-papers\/\">Mals Papers<\/a><\/li>\r\n<li><a href=\"http:\/\/gestteatre.org\/index.php\/associacio-la-vila-accio-teatral\/\">Associaci\u00f3 La Vila Acci\u00f3 Teatral \u00abS\u00ed Teatre\u00bb<\/a><\/li>\r\n<li>Maremagnvm Baleares<\/li>\r\n<li>Som 3 Teatre<\/li>\r\n<li><a href=\"http:\/\/gestteatre.org\/index.php\/teatreros\/\">TeatrEROS<\/a><\/li>\r\n<li>Teatronats<\/li>\r\n<li><a href=\"http:\/\/gestteatre.org\/index.php\/voste-perdoni\/\">Vost\u00e9 Perdoni<\/a><\/li>\r\n<li><a href=\"http:\/\/gestteatre.org\/index.php\/voramar-teatre\/\">Voramar<\/a><\/li>\r\n<\/ol>\r\n\r\n\r\n\r\n<p>Simpatitzants:<\/p>\r\n\r\n\r\n\r\n<ol>\r\n<li>Cercle Teatre<\/li>\r\n<li>D9 don Bosco<\/li>\r\n<li>Id\u00f2 Teatre<\/li>\r\n<li>La Cut\u00edcula<\/li>\r\n<li>Nous i vuits<\/li>\r\n<li>Quins Coverbos<\/li>\r\n<li>X\u00e0fec Teatre<\/li>\r\n<\/ol>\r\n\r\n\r\n\r\n<p>Corals adherides:<\/p>\r\n\r\n\r\n\r\n<ol>\r\n<li>Palma Gospel Singers.<\/li>\r\n<\/ol>\r\n","protected":false},"excerpt":{"rendered":"<p>GEST est\u00e0 format per diferents associacions que s&#8217;han unit amb l&#8217;objectiu com\u00fa de dur als escenaris de l&#8217;illa diferents produccions, compartint l&#8217;esperit de teatre amateur. A dia d&#8217;avui, estan s\u00f3n les associacions que formen part de GEST: Socis: Brots de Tardor Figura-T Fora Nirvis Lacom.unitat M\u00e0demico Teatre Mai Som Tots Nostra Terra Orfe\u00f3 Mahon\u00e9s \u00abSes [&hellip;]<\/p>\n","protected":false},"author":4,"featured_media":0,"parent":0,"menu_order":0,"comment_status":"closed","ping_status":"closed","template":"","meta":[],"_links":{"self":[{"href":"https:\/\/gestteatre.org\/index.php\/wp-json\/wp\/v2\/pages\/1502"}],"collection":[{"href":"https:\/\/gestteatre.org\/index.php\/wp-json\/wp\/v2\/pages"}],"about":[{"href":"https:\/\/gestteatre.org\/index.php\/wp-json\/wp\/v2\/types\/page"}],"author":[{"embeddable":true,"href":"https:\/\/gestteatre.org\/index.php\/wp-json\/wp\/v2\/users\/4"}],"replies":[{"embeddable":true,"href":"https:\/\/gestteatre.org\/index.php\/wp-json\/wp\/v2\/comments?post=1502"}],"version-history":[{"count":18,"href":"https:\/\/gestteatre.org\/index.php\/wp-json\/wp\/v2\/pages\/1502\/revisions"}],"predecessor-version":[{"id":2064,"href":"https:\/\/gestteatre.org\/index.php\/wp-json\/wp\/v2\/pages\/1502\/revisions\/2064"}],"wp:attachment":[{"href":"https:\/\/gestteatre.org\/index.php\/wp-json\/wp\/v2\/media?parent=1502"}],"curies":[{"name":"wp","href":"https:\/\/api.w.org\/{rel}","templated":true}]}}