{"id":2050,"date":"2022-11-21T17:45:44","date_gmt":"2022-11-21T16:45:44","guid":{"rendered":"https:\/\/gestteatre.org\/?page_id=2050"},"modified":"2022-11-21T17:45:44","modified_gmt":"2022-11-21T16:45:44","slug":"i-certamen-jaume-bauca-mayol-2021","status":"publish","type":"page","link":"http:\/\/gestteatre.org\/index.php\/i-certamen-jaume-bauca-mayol-2021\/","title":{"rendered":"I Certamen Jaume Bau\u00e7\u00e0 Mayol (2021)"},"content":{"rendered":"<p>L&#8217;any 2021 es va celebrar, per primer cop, el I Certamen Jaume Bau\u00e7\u00e0 Mayol, a partir d&#8217;una idea suggerida per Josep M. Moreno Serra, membre de Lacom.Unitat.<br \/>\nAquest primer certamen constava de tres fases: Presentaci\u00f3 de textos, presentaci\u00f3 de lectures dramatitzades i Representaci\u00f3 Teatral.<br \/>\nTot i el gran nombre de participants que es van presentar a la Primera Fase (m\u00e9s de 80), el Certamen va haver de cancel\u00b7lar-se per no reunir prou inter\u00e8s en les seg\u00fcents.<br \/>\nEls guanyadors de la Primera Fase van ser els seg\u00fcents:<\/p>\n<table style=\"border-style: solid; border-color: #000000;\">\n<tbody>\n<tr>\n<td width=\"189\">Arnau Serra Nebot<\/td>\n<td width=\"189\">Va ser una breu historia d\u2019amor<\/td>\n<td width=\"189\">1r Premi<\/td>\n<\/tr>\n<tr>\n<td width=\"189\">Maria Ant\u00f2nia Mateu i Oliver<\/td>\n<td width=\"189\">Dry Martini<\/td>\n<td width=\"189\">2n Premi<\/td>\n<\/tr>\n<tr>\n<td width=\"189\">Arnau Serra Nebot<\/td>\n<td width=\"189\">Qui em xiuxiuar\u00e0<\/td>\n<td width=\"189\">3r Premi<\/td>\n<\/tr>\n<tr>\n<td width=\"189\">Joan Serra Morl\u00e0<\/td>\n<td width=\"189\">Al Nord del Pol Nord<\/td>\n<td width=\"189\">4t Premi<\/td>\n<\/tr>\n<\/tbody>\n<\/table>\n<p>Els premis que es van lliurar a la primera Fase van ser els seg\u00fcents:<\/p>\n<table style=\"border-style: solid; border-color: #000000;\">\n<tbody>\n<tr>\n<td width=\"283\">1r Premi<\/td>\n<td width=\"283\">400\u20ac + diploma<\/td>\n<\/tr>\n<tr>\n<td width=\"283\">2n Premi<\/td>\n<td width=\"283\">200\u20ac + diploma<\/td>\n<\/tr>\n<tr>\n<td width=\"283\">3r Premi<\/td>\n<td width=\"283\">100\u20ac + diploma<\/td>\n<\/tr>\n<tr>\n<td width=\"283\">4t Premi<\/td>\n<td width=\"283\">50\u20ac + diploma<\/td>\n<\/tr>\n<\/tbody>\n<\/table>\n<p>Podeu consultar les Bases d&#8217;aquesta edici\u00f3 al seg\u00fcent enlla\u00e7: <a href=\"http:\/\/gestteatre.org\/wp-content\/uploads\/2022\/11\/Bases-Certamen-Jaume-Bauca-Mayol.pdf\">BASES<\/a><\/p>\n<p>&nbsp;<\/p>\n<p><span style=\"text-decoration: underline;\"><strong>Comit\u00e8 Organitzador<\/strong><\/span><br \/>\nJosep Mir\u00f3, Rafael Massanet, Josep M. Moreno Serra i Toni Borr\u00e0s i Mateu.<\/p>\n","protected":false},"excerpt":{"rendered":"<p>L&#8217;any 2021 es va celebrar, per primer cop, el I Certamen Jaume Bau\u00e7\u00e0 Mayol, a partir d&#8217;una idea suggerida per Josep M. Moreno Serra, membre de Lacom.Unitat. Aquest primer certamen constava de tres fases: Presentaci\u00f3 de textos, presentaci\u00f3 de lectures dramatitzades i Representaci\u00f3 Teatral. Tot i el gran nombre de participants que es van presentar [&hellip;]<\/p>\n","protected":false},"author":4,"featured_media":0,"parent":0,"menu_order":0,"comment_status":"closed","ping_status":"closed","template":"","meta":[],"_links":{"self":[{"href":"http:\/\/gestteatre.org\/index.php\/wp-json\/wp\/v2\/pages\/2050"}],"collection":[{"href":"http:\/\/gestteatre.org\/index.php\/wp-json\/wp\/v2\/pages"}],"about":[{"href":"http:\/\/gestteatre.org\/index.php\/wp-json\/wp\/v2\/types\/page"}],"author":[{"embeddable":true,"href":"http:\/\/gestteatre.org\/index.php\/wp-json\/wp\/v2\/users\/4"}],"replies":[{"embeddable":true,"href":"http:\/\/gestteatre.org\/index.php\/wp-json\/wp\/v2\/comments?post=2050"}],"version-history":[{"count":1,"href":"http:\/\/gestteatre.org\/index.php\/wp-json\/wp\/v2\/pages\/2050\/revisions"}],"predecessor-version":[{"id":2052,"href":"http:\/\/gestteatre.org\/index.php\/wp-json\/wp\/v2\/pages\/2050\/revisions\/2052"}],"wp:attachment":[{"href":"http:\/\/gestteatre.org\/index.php\/wp-json\/wp\/v2\/media?parent=2050"}],"curies":[{"name":"wp","href":"https:\/\/api.w.org\/{rel}","templated":true}]}}

I Certamen Jaume Bauçà Mayol (2021)

<p>L&#8217;any 2021 es va celebrar, per primer cop, el I Certamen Jaume Bauçà Mayol, a partir d&#8217;una idea suggerida per Josep M. Moreno Serra, membre de Lacom.Unitat.<br />
Aquest primer certamen constava de tres fases: Presentació de textos, presentació de lectures dramatitzades i Representació Teatral.<br />
Tot i el gran nombre de participants que es van presentar a la Primera Fase (més de 80), el Certamen va haver de cancel·lar-se per no reunir prou interès en les següents.<br />
Els guanyadors de la Primera Fase van ser els següents:</p>
<table style="border-style: solid; border-color: #000000;">
<tbody>
<tr>
<td width="189">Arnau Serra Nebot</td>
<td width="189">Va ser una breu historia d’amor</td>
<td width="189">1r Premi</td>
</tr>
<tr>
<td width="189">Maria Antònia Mateu i Oliver</td>
<td width="189">Dry Martini</td>
<td width="189">2n Premi</td>
</tr>
<tr>
<td width="189">Arnau Serra Nebot</td>
<td width="189">Qui em xiuxiuarà</td>
<td width="189">3r Premi</td>
</tr>
<tr>
<td width="189">Joan Serra Morlà</td>
<td width="189">Al Nord del Pol Nord</td>
<td width="189">4t Premi</td>
</tr>
</tbody>
</table>
<p>Els premis que es van lliurar a la primera Fase van ser els següents:</p>
<table style="border-style: solid; border-color: #000000;">
<tbody>
<tr>
<td width="283">1r Premi</td>
<td width="283">400€ + diploma</td>
</tr>
<tr>
<td width="283">2n Premi</td>
<td width="283">200€ + diploma</td>
</tr>
<tr>
<td width="283">3r Premi</td>
<td width="283">100€ + diploma</td>
</tr>
<tr>
<td width="283">4t Premi</td>
<td width="283">50€ + diploma</td>
</tr>
</tbody>
</table>
<p>Podeu consultar les Bases d&#8217;aquesta edició al següent enllaç: <a href="http://gestteatre.org/wp-content/uploads/2022/11/Bases-Certamen-Jaume-Bauca-Mayol.pdf">BASES</a></p>
<p>&nbsp;</p>
<p><span style="text-decoration: underline;"><strong>Comitè Organitzador</strong></span><br />
Josep Miró, Rafael Massanet, Josep M. Moreno Serra i Toni Borràs i Mateu.</p>

<p>L&#8217;any 2021 es va celebrar, per primer cop, el I Certamen Jaume Bauçà Mayol, a partir d&#8217;una idea suggerida per Josep M. Moreno Serra, membre de Lacom.Unitat. Aquest primer certamen constava de tres fases: Presentació de textos, presentació de lectures dramatitzades i Representació Teatral. Tot i el gran nombre de participants que es van presentar [&hellip;]</p>
