{"id":1811,"date":"2020-12-02T19:25:12","date_gmt":"2020-12-02T18:25:12","guid":{"rendered":"http:\/\/gestteatre.org\/?page_id=1811"},"modified":"2021-02-27T23:02:11","modified_gmt":"2021-02-27T22:02:11","slug":"teatreros","status":"publish","type":"page","link":"http:\/\/gestteatre.org\/index.php\/teatreros\/","title":{"rendered":"TEATREROS"},"content":{"rendered":"<table style=\"border-collapse: collapse; width: 100%; height: 241px;\" border=\"1\">\n<tbody>\n<tr style=\"height: 21px;\">\n<td style=\"width: 50%; height: 21px;\"><strong>Contacte<\/strong><\/td>\n<td style=\"width: 50%; height: 21px;\"><\/td>\n<\/tr>\n<tr style=\"height: 115px;\">\n<td style=\"width: 50%; height: 115px;\">Francesca Palou<\/p>\n<p>Carrer dels Pins, 5<br \/>\nCala Sant Vicen\u00e7<br \/>\n07469 Pollen\u00e7a-Illes Balears<\/p>\n<p>Tel\u00e8fon: 677487439<\/p>\n<p>E-mail: xesca.palou62@gmail.com<\/td>\n<td style=\"width: 50%; height: 115px;\"><img loading=\"lazy\" class=\"size-full wp-image-1812 aligncenter\" src=\"http:\/\/gestteatre.org\/wp-content\/uploads\/2020\/12\/logo-TeatrEROS-Xesca.palou@gmail.com-Palou-Fernandez.jpg\" alt=\"\" width=\"234\" height=\"65\" \/><\/td>\n<\/tr>\n<tr style=\"height: 21px;\">\n<td style=\"width: 50%; height: 21px; text-align: justify;\" colspan=\"2\">TeatrEROS es va iniciar en el teatre cl\u00e0ssic, amb l\u2019objectiu de divulgar aquest g\u00e8nere teatral, tan poc freq\u00fcent en les cartelleres de les illes, i que en canvi constitueix un bagatge cultural de primer ordre en el nostre entorn. Al llarg dels anys hem diversificat les nostres produccions. Cadascun dels nostres projectes t\u00e9 en s\u00ed mateix una finalitat: did\u00e0ctica, reivindicativa, educativa, a m\u00e9s de lleure i \u00e9s una excusa per al desenvolupament creatiu de diferents textos mitjan\u00e7ant una dramat\u00fargia que els acosti al p\u00fablic d\u2019avui.<\/p>\n<p>TeatrEROS produeix i ofereix altres propostes culturals: conta contes, animaci\u00f3 de festes i dinamitzacions de centres culturals.<\/p>\n<p>TeatrEROS \u00e9s una associaci\u00f3 sense \u00e0nim de lucre, domiciliada a la Cala de Sant Vicen\u00e7, que reuneix persones procedents de diferents companyies que tenen en com\u00fa la curolla pel teatre. La data de fundaci\u00f3 \u00e9s el 18 de mar\u00e7 de 2011.<\/td>\n<\/tr>\n<tr style=\"height: 21px;\">\n<td style=\"width: 50%; height: 21px;\" colspan=\"2\"><strong>Integrants<\/strong><\/td>\n<\/tr>\n<tr style=\"height: 21px;\">\n<td style=\"width: 50%; height: 21px;\" colspan=\"2\">\n<ul>\n<li>Ant\u00f2nia Comas (actriu, productora)<\/li>\n<li>Adela Mira (actriu)<\/li>\n<li>Biel Ramon (actor)<\/li>\n<li>Francesca Palou (dramaturga, directora, actriu)<\/li>\n<\/ul>\n<\/td>\n<\/tr>\n<tr style=\"height: 21px;\">\n<td style=\"width: 50%; height: 21px;\" colspan=\"2\"><strong>Cat\u00e0leg teatral<\/strong><\/td>\n<\/tr>\n<tr style=\"height: 21px;\">\n<td style=\"width: 50%; height: 21px;\" colspan=\"2\">\n<ul>\n<li style=\"text-align: justify;\">2020 \u201c<a href=\"http:\/\/gestteatre.org\/index.php\/teatreros\/sal-i-pebre-coen\u2026a-de-josep-melia\/\">Sal i pebre coent. Una espipellada de l\u2019obra liter\u00e0ria Josep Meli\u00e0<\/a>\u00ab. Dramat\u00fargia i direcci\u00f3 F. Palou<\/li>\n<li style=\"text-align: justify;\">2019 Performance \u201cAig\u00fces vives\u201d exposici\u00f3 d\u2019Eva Lootz a l\u2019esgl\u00e9sia del Roser de Pollen\u00e7a. Idea i direcci\u00f3 Eva Lootz<\/li>\n<li style=\"text-align: justify;\">2018 \u201cTeatre al Museu, una visita mortal\u201d Dramat\u00fargia i direcci\u00f3 F. Palou 2018 \u201cElpis, la dona del nauta\u201d Dramat\u00fargia i direcci\u00f3 Francesca Palou<\/li>\n<li style=\"text-align: justify;\">2017 \u201c<a href=\"http:\/\/gestteatre.org\/index.php\/teatreros\/3-dones-3-vides\/\">4DONES quATREvides<\/a>\u201d Dramat\u00fargia i direcci\u00f3 Francesca Palou<\/li>\n<li style=\"text-align: justify;\">2017 \u201dLa vida secreta del Museu de Pollen\u00e7a\u201d Dramat\u00fargia i direcci\u00f3 F. Palou<\/li>\n<li style=\"text-align: justify;\">2016 \u201cPopurr\u00ed de veraneo\u201d Mon\u00f2legs i can\u00e7ons text i direcci\u00f3 F. Palou<\/li>\n<li style=\"text-align: justify;\">2016 \u201cAfrodita seductora\u201d, direcci\u00f3 Antoni M\u00aa Thom\u00e0s<\/li>\n<li style=\"text-align: justify;\">2016 \u201cNietzche hum\u00e0, massa hum\u00e0\u201d, d\u2019Ang\u00e8lica S\u00e0tiro, direcci\u00f3 F. Palou<\/li>\n<li style=\"text-align: justify;\">2015 \u201cCistel\u2022l\u00e0ria\u201c de Plaute, dramat\u00fargia i direcci\u00f3 de Francesca Palou.<\/li>\n<li style=\"text-align: justify;\">2014 \u201caGLOSArada. Mon\u00f2legs en glosa per a la dona d\u2019avui\u201d F. Palou<\/li>\n<li style=\"text-align: justify;\">2014 \u201cLes tesmoforiants\u201d d\u2019Arist\u00f2fanes, dramat\u00fargia i direcci\u00f3 de F. Palou.<\/li>\n<li style=\"text-align: justify;\">2013 \u201cAulul\u00e0ria\u201d de Plaute, direcci\u00f3 i lliure adaptaci\u00f3 de Miquel Mestre.<\/li>\n<li style=\"text-align: justify;\">2012 \u201cSweet CabaretEROS\u201d dramat\u00fargia i direcci\u00f3 de Kika Aguil\u00f3.<\/li>\n<li style=\"text-align: justify;\">2012 \u201cC\u00e0sina\u201d de Plaute, direcci\u00f3 de Jaume Gay\u00e0<\/li>\n<li style=\"text-align: justify;\">2011 \u201cPrax\u00e0gora encimbellada\u201c mon\u00f2leg de Francesca Palou<\/li>\n<li style=\"text-align: justify;\">2011 \u201cLes Assembleistes\u201d d\u2019Arist\u00f2fanes, direcci\u00f3 de Carles Pujols<\/li>\n<li style=\"text-align: justify;\">2010 \u201cEl soldat Fanfarr\u00f3\u201d de Plaute. Direcci\u00f3 Carles Pujols<\/li>\n<\/ul>\n<\/td>\n<\/tr>\n<\/tbody>\n<\/table>\n","protected":false},"excerpt":{"rendered":"<p>Contacte Francesca Palou Carrer dels Pins, 5 Cala Sant Vicen\u00e7 07469 Pollen\u00e7a-Illes Balears Tel\u00e8fon: 677487439 E-mail: xesca.palou62@gmail.com TeatrEROS es va iniciar en el teatre cl\u00e0ssic, amb l\u2019objectiu de divulgar aquest g\u00e8nere teatral, tan poc freq\u00fcent en les cartelleres de les illes, i que en canvi constitueix un bagatge cultural de primer ordre en el nostre [&hellip;]<\/p>\n","protected":false},"author":4,"featured_media":0,"parent":0,"menu_order":0,"comment_status":"closed","ping_status":"closed","template":"","meta":[],"_links":{"self":[{"href":"http:\/\/gestteatre.org\/index.php\/wp-json\/wp\/v2\/pages\/1811"}],"collection":[{"href":"http:\/\/gestteatre.org\/index.php\/wp-json\/wp\/v2\/pages"}],"about":[{"href":"http:\/\/gestteatre.org\/index.php\/wp-json\/wp\/v2\/types\/page"}],"author":[{"embeddable":true,"href":"http:\/\/gestteatre.org\/index.php\/wp-json\/wp\/v2\/users\/4"}],"replies":[{"embeddable":true,"href":"http:\/\/gestteatre.org\/index.php\/wp-json\/wp\/v2\/comments?post=1811"}],"version-history":[{"count":4,"href":"http:\/\/gestteatre.org\/index.php\/wp-json\/wp\/v2\/pages\/1811\/revisions"}],"predecessor-version":[{"id":1922,"href":"http:\/\/gestteatre.org\/index.php\/wp-json\/wp\/v2\/pages\/1811\/revisions\/1922"}],"wp:attachment":[{"href":"http:\/\/gestteatre.org\/index.php\/wp-json\/wp\/v2\/media?parent=1811"}],"curies":[{"name":"wp","href":"https:\/\/api.w.org\/{rel}","templated":true}]}}