{"id":1722,"date":"2020-11-10T16:53:59","date_gmt":"2020-11-10T15:53:59","guid":{"rendered":"http:\/\/gestteatre.org\/?page_id=1722"},"modified":"2021-02-27T22:45:39","modified_gmt":"2021-02-27T21:45:39","slug":"hotel-cosmopolita","status":"publish","type":"page","link":"http:\/\/gestteatre.org\/index.php\/brots-de-tardor-teatre\/hotel-cosmopolita\/","title":{"rendered":"Hotel Cosmopolita"},"content":{"rendered":"<table style=\"border-collapse: collapse; width: 100%; height: 84px;\" border=\"1\">\n<tbody>\n<tr style=\"height: 21px;\">\n<td style=\"width: 50%; height: 21px;\"><strong>Fitxa t\u00e8cnica<\/strong><\/td>\n<td style=\"width: 50%; height: 84px;\" rowspan=\"4\"><img loading=\"lazy\" class=\"alignnone size-full wp-image-1703\" src=\"http:\/\/gestteatre.org\/wp-content\/uploads\/2020\/11\/Cartell-Hotel-Cosmopolita-Josep-Miro-Camps.png\" alt=\"\" width=\"685\" height=\"971\" srcset=\"http:\/\/gestteatre.org\/wp-content\/uploads\/2020\/11\/Cartell-Hotel-Cosmopolita-Josep-Miro-Camps.png 685w, http:\/\/gestteatre.org\/wp-content\/uploads\/2020\/11\/Cartell-Hotel-Cosmopolita-Josep-Miro-Camps-212x300.png 212w\" sizes=\"(max-width: 685px) 100vw, 685px\" \/><\/td>\n<\/tr>\n<tr style=\"height: 21px;\">\n<td style=\"width: 50%; height: 21px; text-align: justify;\"><em>Companyia<\/em>: Brots de Tardor Teatre<br \/>\n<em>G\u00e9nere<\/em>: Costumista Mallorqu\u00ed<br \/>\n<em>Autor<\/em>: Gabriel Cort\u00e9s<br \/>\n<em>Direcci\u00f3<\/em>: Esmeraldo D\u00edaz Garc\u00eda<br \/>\n<em>Repartiment<\/em>: Ant\u00f2nia Coli es na Miquela<br \/>\nAurora Vera es sa Cuinera<br \/>\nPere Coli es Don Ramon<br \/>\nPau Ripoll es Mestra<br \/>\nAntoni Catalina Font es na Janet<br \/>\nAntoni Ram\u00f3n es Mister Peter<br \/>\nMiquel Catal\u00e1 es en Gerart<br \/>\nCarme Huerta es na Pepeta<br \/>\nPep Sanchez es en Pep<em>Duraci\u00f3 aproximada<\/em>: 75 mins.<br \/>\n<em>Data d&#8217;estrena<\/em>: 2016<br \/>\n<em>Lloc d&#8217;estrena<\/em>: Teatre Municipal Xesc Forteza<br \/>\n<em>Altres representacions<\/em>:<br \/>\nAny 2016 Teatre Sa Congregacio de Sa Pobla<br \/>\nAny 2016 Teatre Sa Casa des Mestres de Santa Maria del Cami<br \/>\n09\/09\/2017 Claustre de Sant Bertomeu de Lluchmajor<br \/>\n01\/10\/2017 Teatre Sa Societat de Calvia<\/td>\n<\/tr>\n<tr style=\"height: 21px;\">\n<td style=\"width: 50%; height: 21px;\"><strong>Sinopsi<\/strong><\/td>\n<\/tr>\n<tr style=\"height: 21px;\">\n<td style=\"width: 50%; height: 21px; text-align: justify;\">Satira d\u2019un petit hotel en s\u2019epoca des principis des turismo a Mallorca. On hi ha una seria de trobades; romantiques, divertides i confuses entre es clients. On ningu es el que es. Amb un personal molt especial.<\/td>\n<\/tr>\n<\/tbody>\n<\/table>\n<p><strong>Descarregables:<\/strong><\/p>\n<p><a href=\"http:\/\/gestteatre.org\/ficha-hotel-cosmopolita-per-la-web-de-gest-josep-miro-camps\/\">Ficha t\u00e9cnica<\/a><\/p>\n","protected":false},"excerpt":{"rendered":"<p>Fitxa t\u00e8cnica Companyia: Brots de Tardor Teatre G\u00e9nere: Costumista Mallorqu\u00ed Autor: Gabriel Cort\u00e9s Direcci\u00f3: Esmeraldo D\u00edaz Garc\u00eda Repartiment: Ant\u00f2nia Coli es na Miquela Aurora Vera es sa Cuinera Pere Coli es Don Ramon Pau Ripoll es Mestra Antoni Catalina Font es na Janet Antoni Ram\u00f3n es Mister Peter Miquel Catal\u00e1 es en Gerart Carme Huerta [&hellip;]<\/p>\n","protected":false},"author":4,"featured_media":0,"parent":1656,"menu_order":0,"comment_status":"closed","ping_status":"closed","template":"","meta":[],"_links":{"self":[{"href":"http:\/\/gestteatre.org\/index.php\/wp-json\/wp\/v2\/pages\/1722"}],"collection":[{"href":"http:\/\/gestteatre.org\/index.php\/wp-json\/wp\/v2\/pages"}],"about":[{"href":"http:\/\/gestteatre.org\/index.php\/wp-json\/wp\/v2\/types\/page"}],"author":[{"embeddable":true,"href":"http:\/\/gestteatre.org\/index.php\/wp-json\/wp\/v2\/users\/4"}],"replies":[{"embeddable":true,"href":"http:\/\/gestteatre.org\/index.php\/wp-json\/wp\/v2\/comments?post=1722"}],"version-history":[{"count":6,"href":"http:\/\/gestteatre.org\/index.php\/wp-json\/wp\/v2\/pages\/1722\/revisions"}],"predecessor-version":[{"id":1902,"href":"http:\/\/gestteatre.org\/index.php\/wp-json\/wp\/v2\/pages\/1722\/revisions\/1902"}],"up":[{"embeddable":true,"href":"http:\/\/gestteatre.org\/index.php\/wp-json\/wp\/v2\/pages\/1656"}],"wp:attachment":[{"href":"http:\/\/gestteatre.org\/index.php\/wp-json\/wp\/v2\/media?parent=1722"}],"curies":[{"name":"wp","href":"https:\/\/api.w.org\/{rel}","templated":true}]}}