{"id":1712,"date":"2020-11-10T16:41:38","date_gmt":"2020-11-10T15:41:38","guid":{"rendered":"http:\/\/gestteatre.org\/?page_id=1712"},"modified":"2021-02-27T22:48:21","modified_gmt":"2021-02-27T21:48:21","slug":"punyeteros-di","status":"publish","type":"page","link":"http:\/\/gestteatre.org\/index.php\/brots-de-tardor-teatre\/punyeteros-di\/","title":{"rendered":"Punyeteros Doblers"},"content":{"rendered":"<table style=\"border-collapse: collapse; width: 100%; height: 84px;\" border=\"1\">\n<tbody>\n<tr style=\"height: 21px;\">\n<td style=\"width: 50%; height: 21px;\"><strong>Fitxa t\u00e8cnica<\/strong><\/td>\n<td style=\"width: 50%; height: 84px;\" rowspan=\"4\"><img loading=\"lazy\" class=\"alignnone size-full wp-image-1704\" src=\"http:\/\/gestteatre.org\/wp-content\/uploads\/2020\/11\/Cartell-Punyeteros-Doblers-Josep-Miro-Camps-scaled.jpg\" alt=\"\" width=\"1812\" height=\"2560\" srcset=\"http:\/\/gestteatre.org\/wp-content\/uploads\/2020\/11\/Cartell-Punyeteros-Doblers-Josep-Miro-Camps-scaled.jpg 1812w, http:\/\/gestteatre.org\/wp-content\/uploads\/2020\/11\/Cartell-Punyeteros-Doblers-Josep-Miro-Camps-212x300.jpg 212w, http:\/\/gestteatre.org\/wp-content\/uploads\/2020\/11\/Cartell-Punyeteros-Doblers-Josep-Miro-Camps-725x1024.jpg 725w, http:\/\/gestteatre.org\/wp-content\/uploads\/2020\/11\/Cartell-Punyeteros-Doblers-Josep-Miro-Camps-768x1085.jpg 768w, http:\/\/gestteatre.org\/wp-content\/uploads\/2020\/11\/Cartell-Punyeteros-Doblers-Josep-Miro-Camps-1087x1536.jpg 1087w, http:\/\/gestteatre.org\/wp-content\/uploads\/2020\/11\/Cartell-Punyeteros-Doblers-Josep-Miro-Camps-1449x2048.jpg 1449w\" sizes=\"(max-width: 1812px) 100vw, 1812px\" \/><\/td>\n<\/tr>\n<tr style=\"height: 21px;\">\n<td style=\"width: 50%; height: 21px; text-align: justify;\"><em>Companyia<\/em>: Brots de Tardor Teatre<br \/>\n<em>G\u00e9nere<\/em>: Costumista Mallorqu\u00ed<br \/>\n<em>Autor<\/em>: Magdalena Font<br \/>\n<em>Direcci\u00f3<\/em>: Esmeraldo D\u00edaz Garc\u00eda<br \/>\n<em>Repartiment<\/em>: Josep Mir\u00f3: Miquel. Es pare<br \/>\nDolores Rossell\u00f3: Margalida. Sa dona.<br \/>\nPep Sanchez: Arnau. Fill major.<br \/>\nAntonio Ram\u00f3n: Dami\u00e0. El millor dels tres fills.<br \/>\nPau Ripoll: Carlos Alberto. Vengut de L\u2019Argentina.<br \/>\nLinita Font: Catalina. Filla.<br \/>\nAurora Vera: Mad\u00f2 Poloni. Sa punyetera sogra.<br \/>\nPau Ripoll: Sim\u00f3. Parent que no els mirava de cara i ara ve a cercar doblers.<br \/>\nCarmen Huerta: Clara. Sa criada.<br \/>\nTo\u00f1ita Coli: Bel. Amiga de na Cati.<br \/>\nPedro Coli: D. Benet. Es capell\u00e0 des poble.<br \/>\nFrancisca Payeras: Teresa. Amiga de la fam\u00eclia.<br \/>\nJoana Bonet: Aina.Filla d\u2019en Carlos Alberto<em>Duraci\u00f3 aproximada<\/em>: 90 mins.<br \/>\n<em>Data d&#8217;estrena<\/em>: 04\/03\/2019<br \/>\n<em>Lloc d&#8217;estrena<\/em>: Teatre Municipal de Muro (Mallorca)<br \/>\n<em>Altres representacions<\/em>:<\/p>\n<p>08\/03\/2019 Teatro Municipal de LLUBI (Mallorca)<br \/>\n10\/03\/2019 Sa Casa des Mestres de SANTA MARIA DEL CAMI (Mallorca)<br \/>\n01\/06\/2019 Teatre Sa Societat de CALVIA (Mallorca)<br \/>\n08\/06\/2019 Teatre Sa Congregacio de SA POBLA (Mallorca)<br \/>\n21\/09\/2019 Teatre Catallina Valls de PALMA DE MALLORCA<br \/>\n16\/09\/2019 Teatre Son Espanyolet de PALMA DE MALLORCA<\/td>\n<\/tr>\n<tr style=\"height: 21px;\">\n<td style=\"width: 50%; height: 21px;\"><strong>Sinopsi<\/strong><\/td>\n<\/tr>\n<tr style=\"height: 21px;\">\n<td style=\"width: 50%; height: 21px; text-align: justify;\">Obra costumista en tres actes. Tracta d\u2019una familia, amb tres fills i una sogra, de clase molt humil que en el passat va pasar fins i tot fam. Ara ja els va un poc millor per que els fills ja s\u00f3n grans i poden fer feina .. El pare guanya una primivtiva de molts de doblers i, naturalment, aix\u00f2 els canvia la vida. Van a viure Palma. Hi ha gent que els demana doblers, altres que els volen estafar\u2026Fins que els pares se cansen de Ciutat i tornen al poble.<\/td>\n<\/tr>\n<tr style=\"height: 21px;\">\n<td style=\"width: 50%; height: 21px; text-align: justify;\" colspan=\"2\"><strong>Enlla\u00e7os d&#8217;inter\u00e9s<\/strong><\/td>\n<\/tr>\n<tr style=\"height: 21px;\">\n<td style=\"width: 50%; height: 21px; text-align: justify;\" colspan=\"2\">https:\/\/www.youtube.com\/watch?v=xQNUWonXMdI https:\/\/drive.google.com\/file\/d\/1YfVtAuQZkjbzpxTTHvtKfK_wWVKOXg0a\/view?usp=sharing<br \/>\n<iframe loading=\"lazy\" title=\"Punyeteros Doblers\" width=\"500\" height=\"281\" src=\"https:\/\/www.youtube.com\/embed\/BNKMgtrHz9U?feature=oembed\" frameborder=\"0\" allow=\"accelerometer; autoplay; clipboard-write; encrypted-media; gyroscope; picture-in-picture\" allowfullscreen><\/iframe><br \/>\n<iframe loading=\"lazy\" title=\"Punyeteros Doblers 2\" width=\"500\" height=\"281\" src=\"https:\/\/www.youtube.com\/embed\/zwXbdZOpQOk?feature=oembed\" frameborder=\"0\" allow=\"accelerometer; autoplay; clipboard-write; encrypted-media; gyroscope; picture-in-picture\" allowfullscreen><\/iframe><br \/>\nhttps:\/\/youtu.be\/Ge9p2Pe0eGQ https:\/\/youtu.be\/wi707By5LZ8<\/td>\n<\/tr>\n<\/tbody>\n<\/table>\n<p><strong>Descarregables:<\/strong><\/p>\n<p><a href=\"http:\/\/gestteatre.org\/ficha-punyeteros-doblers-per-la-web-de-gest-josep-miro-camps\/\">Fitxa t\u00e8cnica<\/a><\/p>\n","protected":false},"excerpt":{"rendered":"<p>Fitxa t\u00e8cnica Companyia: Brots de Tardor Teatre G\u00e9nere: Costumista Mallorqu\u00ed Autor: Magdalena Font Direcci\u00f3: Esmeraldo D\u00edaz Garc\u00eda Repartiment: Josep Mir\u00f3: Miquel. Es pare Dolores Rossell\u00f3: Margalida. Sa dona. Pep Sanchez: Arnau. Fill major. Antonio Ram\u00f3n: Dami\u00e0. El millor dels tres fills. Pau Ripoll: Carlos Alberto. Vengut de L\u2019Argentina. Linita Font: Catalina. Filla. Aurora Vera: Mad\u00f2 [&hellip;]<\/p>\n","protected":false},"author":4,"featured_media":0,"parent":1656,"menu_order":0,"comment_status":"closed","ping_status":"closed","template":"","meta":[],"_links":{"self":[{"href":"http:\/\/gestteatre.org\/index.php\/wp-json\/wp\/v2\/pages\/1712"}],"collection":[{"href":"http:\/\/gestteatre.org\/index.php\/wp-json\/wp\/v2\/pages"}],"about":[{"href":"http:\/\/gestteatre.org\/index.php\/wp-json\/wp\/v2\/types\/page"}],"author":[{"embeddable":true,"href":"http:\/\/gestteatre.org\/index.php\/wp-json\/wp\/v2\/users\/4"}],"replies":[{"embeddable":true,"href":"http:\/\/gestteatre.org\/index.php\/wp-json\/wp\/v2\/comments?post=1712"}],"version-history":[{"count":6,"href":"http:\/\/gestteatre.org\/index.php\/wp-json\/wp\/v2\/pages\/1712\/revisions"}],"predecessor-version":[{"id":1904,"href":"http:\/\/gestteatre.org\/index.php\/wp-json\/wp\/v2\/pages\/1712\/revisions\/1904"}],"up":[{"embeddable":true,"href":"http:\/\/gestteatre.org\/index.php\/wp-json\/wp\/v2\/pages\/1656"}],"wp:attachment":[{"href":"http:\/\/gestteatre.org\/index.php\/wp-json\/wp\/v2\/media?parent=1712"}],"curies":[{"name":"wp","href":"https:\/\/api.w.org\/{rel}","templated":true}]}}