{"id":1699,"date":"2020-11-10T16:28:19","date_gmt":"2020-11-10T15:28:19","guid":{"rendered":"http:\/\/gestteatre.org\/?page_id=1699"},"modified":"2021-02-27T22:50:46","modified_gmt":"2021-02-27T21:50:46","slug":"totes-ses-families-en-tenen","status":"publish","type":"page","link":"http:\/\/gestteatre.org\/index.php\/brots-de-tardor-teatre\/totes-ses-families-en-tenen\/","title":{"rendered":"Totes ses fam\u00edlies en tenen"},"content":{"rendered":"<p>&nbsp;<\/p>\n<table style=\"border-collapse: collapse; width: 100%; height: 84px;\" border=\"1\">\n<tbody>\n<tr style=\"height: 21px;\">\n<td style=\"width: 50%; height: 21px;\"><strong>Fitxa t\u00e8cnica<\/strong><\/td>\n<td style=\"width: 50%; height: 84px;\" rowspan=\"4\"><img loading=\"lazy\" class=\"alignnone size-full wp-image-1701\" src=\"http:\/\/gestteatre.org\/wp-content\/uploads\/2020\/11\/Cartell-Totas-ses-families-en-tenen-Josep-Miro-Camps-scaled.jpg\" alt=\"\" width=\"1822\" height=\"2560\" srcset=\"http:\/\/gestteatre.org\/wp-content\/uploads\/2020\/11\/Cartell-Totas-ses-families-en-tenen-Josep-Miro-Camps-scaled.jpg 1822w, http:\/\/gestteatre.org\/wp-content\/uploads\/2020\/11\/Cartell-Totas-ses-families-en-tenen-Josep-Miro-Camps-214x300.jpg 214w, http:\/\/gestteatre.org\/wp-content\/uploads\/2020\/11\/Cartell-Totas-ses-families-en-tenen-Josep-Miro-Camps-729x1024.jpg 729w, http:\/\/gestteatre.org\/wp-content\/uploads\/2020\/11\/Cartell-Totas-ses-families-en-tenen-Josep-Miro-Camps-768x1079.jpg 768w, http:\/\/gestteatre.org\/wp-content\/uploads\/2020\/11\/Cartell-Totas-ses-families-en-tenen-Josep-Miro-Camps-1093x1536.jpg 1093w, http:\/\/gestteatre.org\/wp-content\/uploads\/2020\/11\/Cartell-Totas-ses-families-en-tenen-Josep-Miro-Camps-1458x2048.jpg 1458w\" sizes=\"(max-width: 1822px) 100vw, 1822px\" \/><\/td>\n<\/tr>\n<tr style=\"height: 21px;\">\n<td style=\"width: 50%; height: 21px; text-align: justify;\"><em>Companyia<\/em>: Brots de Tardor Teatre<br \/>\n<em>G\u00e9nere<\/em>: Costumista Mallorqu\u00ed<br \/>\n<em>Autor<\/em>: Magdalena Font<br \/>\n<em>Direcci\u00f3<\/em>: Esmeraldo D\u00edaz Garc\u00eda<br \/>\n<em>Repartiment<\/em>:<\/p>\n<p>ANTONIA COLI AMENGUAL Na Francisca<br \/>\nANTONIO JUAN RAMON GARAU En Bernat es Secretari<br \/>\nAURORA VERA ALVAREZ Mado Barbara<br \/>\nCARMEN HUERTA VELASCCO Na Coloma<br \/>\nCATALINA FONT QUETGLAS Na Pepa<br \/>\nESMERALDO DIAZ GARCIA En Jaume<br \/>\nFRANCISCA PAYERAS FRANCH Na Rosa<br \/>\nJOSE FRANCISCO SANCHEZ REYNES En pera es Batle<br \/>\nJOSE MIRO CAMPS L\u2019amo Arnau<br \/>\nJUANA BONET LLABRES Na Catalina<br \/>\nMARIA DOLORES ROSELLO NADAL Mado Maria<br \/>\nPAU RIPOLL SOLE Mestra Nicolau<\/p>\n<p><em>Duraci\u00f3 aproximada<\/em>: 90 mins.<br \/>\n<em>Data d&#8217;estrena<\/em>:<br \/>\n<em>Lloc d&#8217;estrena<\/em>:<\/td>\n<\/tr>\n<tr style=\"height: 21px;\">\n<td style=\"width: 50%; height: 21px;\"><strong>Sinopsi<\/strong><\/td>\n<\/tr>\n<tr style=\"height: 21px;\">\n<td style=\"width: 50%; height: 21px; text-align: justify;\">Obra teatral en tres actes de na Magdalena Font. Tracta de la fam\u00edlia d&#8217;un cacic d&#8217;un poble de Mallorca a la segona meitat del s. XX. Ell, el cacic, ha manat al poble d&#8217;una manera o l&#8217;altra durant molts d&#8217;anys. El seu pare ja ho havia fet abans. T\u00e9 un car\u00e0cter molt desp\u00f2tic. Quan es fan eleccions al poble manipula a la gent per aconseguir que surti elegit batle el que li conv\u00e9 a ell i aix\u00ed pot tenir acc\u00e9s a nous negocis. La gent es cansa de la situaci\u00f3 i li planta cara. Al mateix temps el seu secretari el traiciona. Aquesta nova situaci\u00f3 el fa emmalaltir greument. A rel de la malaltia del pare, la filla agafar\u00e0 e c\u00e0rrec dels seus negocis i sempre que podr\u00e0, seguira les passes de seu pare.<\/td>\n<\/tr>\n<\/tbody>\n<\/table>\n<p><strong>Descarregables:<\/strong><\/p>\n<p><a href=\"http:\/\/gestteatre.org\/ficha-totes-ses-families-en-tenen-per-la-web-de-gest-josep-miro-camps\/\">Fitxa t\u00e8cnica<\/a><\/p>\n","protected":false},"excerpt":{"rendered":"<p>&nbsp; Fitxa t\u00e8cnica Companyia: Brots de Tardor Teatre G\u00e9nere: Costumista Mallorqu\u00ed Autor: Magdalena Font Direcci\u00f3: Esmeraldo D\u00edaz Garc\u00eda Repartiment: ANTONIA COLI AMENGUAL Na Francisca ANTONIO JUAN RAMON GARAU En Bernat es Secretari AURORA VERA ALVAREZ Mado Barbara CARMEN HUERTA VELASCCO Na Coloma CATALINA FONT QUETGLAS Na Pepa ESMERALDO DIAZ GARCIA En Jaume FRANCISCA PAYERAS FRANCH [&hellip;]<\/p>\n","protected":false},"author":4,"featured_media":0,"parent":1656,"menu_order":0,"comment_status":"closed","ping_status":"closed","template":"","meta":[],"_links":{"self":[{"href":"http:\/\/gestteatre.org\/index.php\/wp-json\/wp\/v2\/pages\/1699"}],"collection":[{"href":"http:\/\/gestteatre.org\/index.php\/wp-json\/wp\/v2\/pages"}],"about":[{"href":"http:\/\/gestteatre.org\/index.php\/wp-json\/wp\/v2\/types\/page"}],"author":[{"embeddable":true,"href":"http:\/\/gestteatre.org\/index.php\/wp-json\/wp\/v2\/users\/4"}],"replies":[{"embeddable":true,"href":"http:\/\/gestteatre.org\/index.php\/wp-json\/wp\/v2\/comments?post=1699"}],"version-history":[{"count":4,"href":"http:\/\/gestteatre.org\/index.php\/wp-json\/wp\/v2\/pages\/1699\/revisions"}],"predecessor-version":[{"id":1908,"href":"http:\/\/gestteatre.org\/index.php\/wp-json\/wp\/v2\/pages\/1699\/revisions\/1908"}],"up":[{"embeddable":true,"href":"http:\/\/gestteatre.org\/index.php\/wp-json\/wp\/v2\/pages\/1656"}],"wp:attachment":[{"href":"http:\/\/gestteatre.org\/index.php\/wp-json\/wp\/v2\/media?parent=1699"}],"curies":[{"name":"wp","href":"https:\/\/api.w.org\/{rel}","templated":true}]}}