{"id":1499,"date":"2020-09-12T12:38:19","date_gmt":"2020-09-12T11:38:19","guid":{"rendered":"http:\/\/gestteatre.org\/?page_id=1499"},"modified":"2021-02-27T22:36:01","modified_gmt":"2021-02-27T21:36:01","slug":"covid-19-2","status":"publish","type":"page","link":"http:\/\/gestteatre.org\/index.php\/covid-19-2\/","title":{"rendered":"COVID-19"},"content":{"rendered":"\r\n<p style=\"text-align: justify;\">Aquest 2020 el teatre ha patit un cop dur a causa de l&#8217;COVID-19. Hem hagut de repensar el teatre perqu\u00e8 pugui sobreviure en una \u00e8poca de constants retallades, en tots els aspectes del nostre dia a dia.<\/p>\r\n\r\n\r\n\r\n<p style=\"text-align: justify;\">Per desgr\u00e0cia, la cultura, com sempre, \u00e9s de les \u00e0rees m\u00e9s perjudicades, per retallades econ\u00f2miques, socials, d&#8217;espai, restriccions normatives \u2026 Per\u00f2 no per aix\u00f2 el teatre morir\u00e0 ni desapar\u00e8ixer.<\/p>\r\n\r\n\r\n\r\n<p style=\"text-align: justify;\">Els que pertanyem a aquest m\u00f3n col\u00b7laborem activament per mantenir el vincle que ens uneix amb la societat, per aquest motius ens hem reinventat, adoptant altres espais menys convencionals perqu\u00e8 el tel\u00f3 mai arribi a caure de el tot.<\/p>\r\n\r\n\r\n\r\n<p style=\"text-align: justify;\">Tot i aix\u00ed, sabem que el teatre \u00e9s la nostra casa i que, m\u00e9s aviat que tard, tornarem a prendre els escenaris. Per aix\u00f2, aportem en aquesta secci\u00f3 una s\u00e8rie de documents relatius a l&#8217;COVID-19 redactats per diverses entitats i que poden ser de gran ajuda.<\/p>\r\n\r\n\r\n\r\n<p style=\"text-align: justify;\">Salut i Teatre!<\/p>\r\n\r\n\r\n\r\n<figure class=\"wp-block-table\">\r\n<table>\r\n<tbody>\r\n<tr>\r\n<td>Document<\/td>\r\n<td>Font<\/td>\r\n<td>Data<\/td>\r\n<\/tr>\r\n<tr>\r\n<td><a href=\"http:\/\/gestteatre.org\/wp-content\/uploads\/2020\/09\/52medidascovidartesescenicasmusica.pdf\" target=\"_blank\" rel=\"noreferrer noopener\">52 Medidas Extraordinarias para el sector de las Artes Esc\u00e9nicas y la M\u00fasica<\/a><\/td>\r\n<td>VVAA<\/td>\r\n<td>9 juliol 2020<\/td>\r\n<\/tr>\r\n<tr>\r\n<td><a href=\"http:\/\/gestteatre.org\/wp-content\/uploads\/2020\/09\/boe-a-2020-4832.pdf\" target=\"_blank\" rel=\"noreferrer noopener\">Medidas de Apoyo al Sector Cultural<\/a><\/td>\r\n<td>BOE<\/td>\r\n<td>6 maig 2020<\/td>\r\n<\/tr>\r\n<tr>\r\n<td><a href=\"http:\/\/gestteatre.org\/wp-content\/uploads\/2020\/09\/20200505-decreto-ley-medidas-aaee-y-musica.pdf\" target=\"_blank\" rel=\"noreferrer noopener\">Resumen de Medidas y Ayudas a las Artes Esc\u00e9nicas<\/a><\/td>\r\n<td>Ministeri de Cultura &#8211; INAEM<\/td>\r\n<td>8 maig 2020<\/td>\r\n<\/tr>\r\n<tr>\r\n<td><a href=\"http:\/\/gestteatre.org\/wp-content\/uploads\/2020\/09\/guia-buenas-practicas-reinicio-actividad-escenica-y-musical-inaem.pdf.pdf\" target=\"_blank\" rel=\"noreferrer noopener\">Gu\u00eda de Buenas Pr\u00e1cticas para el Teatro<\/a><\/td>\r\n<td>INAEM<\/td>\r\n<td>10 juliol 2020<\/td>\r\n<\/tr>\r\n<tr>\r\n<td><a href=\"http:\/\/gestteatre.org\/wp-content\/uploads\/2020\/09\/guiapractica_aacc_covid19_patea.pdf\" target=\"_blank\" rel=\"noreferrer noopener\">Gu\u00eda de Buenas Pr\u00e1cticas para el Teatro en la Calle<\/a><\/td>\r\n<td>PATEA<\/td>\r\n<td>10 juliol 2020<\/td>\r\n<\/tr>\r\n<tr>\r\n<td><a href=\"http:\/\/gestteatre.org\/wp-content\/uploads\/2020\/09\/lared_-protocolo-covid.pdf\" target=\"_blank\" rel=\"noreferrer noopener\">Protocolo de Medidas Sanitarias y Operativas COVID-19<\/a><\/td>\r\n<td>La Red Espa\u00f1ola de Teatros<\/td>\r\n<td>10 juliol 2020<\/td>\r\n<\/tr>\r\n<tr>\r\n<td><a href=\"http:\/\/gestteatre.org\/wp-content\/uploads\/2020\/09\/listado_virucidas.pdf\" target=\"_blank\" rel=\"noreferrer noopener\">Listado de Virucidas Recomendados<\/a><\/td>\r\n<td>Ministeri de Sanitat<\/td>\r\n<td>8 juny 2020<\/td>\r\n<\/tr>\r\n<\/tbody>\r\n<\/table>\r\n<\/figure>\r\n","protected":false},"excerpt":{"rendered":"<p>Aquest 2020 el teatre ha patit un cop dur a causa de l&#8217;COVID-19. Hem hagut de repensar el teatre perqu\u00e8 pugui sobreviure en una \u00e8poca de constants retallades, en tots els aspectes del nostre dia a dia. Per desgr\u00e0cia, la cultura, com sempre, \u00e9s de les \u00e0rees m\u00e9s perjudicades, per retallades econ\u00f2miques, socials, d&#8217;espai, restriccions [&hellip;]<\/p>\n","protected":false},"author":4,"featured_media":0,"parent":0,"menu_order":0,"comment_status":"closed","ping_status":"closed","template":"","meta":[],"_links":{"self":[{"href":"http:\/\/gestteatre.org\/index.php\/wp-json\/wp\/v2\/pages\/1499"}],"collection":[{"href":"http:\/\/gestteatre.org\/index.php\/wp-json\/wp\/v2\/pages"}],"about":[{"href":"http:\/\/gestteatre.org\/index.php\/wp-json\/wp\/v2\/types\/page"}],"author":[{"embeddable":true,"href":"http:\/\/gestteatre.org\/index.php\/wp-json\/wp\/v2\/users\/4"}],"replies":[{"embeddable":true,"href":"http:\/\/gestteatre.org\/index.php\/wp-json\/wp\/v2\/comments?post=1499"}],"version-history":[{"count":6,"href":"http:\/\/gestteatre.org\/index.php\/wp-json\/wp\/v2\/pages\/1499\/revisions"}],"predecessor-version":[{"id":1895,"href":"http:\/\/gestteatre.org\/index.php\/wp-json\/wp\/v2\/pages\/1499\/revisions\/1895"}],"wp:attachment":[{"href":"http:\/\/gestteatre.org\/index.php\/wp-json\/wp\/v2\/media?parent=1499"}],"curies":[{"name":"wp","href":"https:\/\/api.w.org\/{rel}","templated":true}]}}